996?
9
What is the ten millions digit of 10228582?
1
What is the tens digit of 20012404?
0
What is the ten thousands digit of 51708?
5
What is the thousands digit of 2492707?
2
What is the ten thousands digit of 21990?
2
What is the thousands digit of 654327?
4
What is the units digit of 1288719?
9
What is the hundreds digit of 59328?
3
What is the tens digit of 2778718?
1
What is the ten thousands digit of 9023970?
2
What is the thousands digit of 266170?
6
What is the tens digit of 335070?
7
What is the hundred thousands digit of 441755?
4
What is the hundreds digit of 329430?
4
What is the hundreds digit of 9117?
1
What is the units digit of 35072501?
1
What is the millions digit of 10312181?
0
What is the ten thousands digit of 26788?
2
What is the units digit of 1939864?
4
What is the millions digit of 5352561?
5
What is the millions digit of 1711599?
1
What is the units digit of 39792328?
8
What is the hundreds digit of 193061?
0
What is the hundred thousands digit of 220541?
2
What is the tens digit of 218897?
9
What is the millions digit of 14626809?
4
What is the units digit of 13224?
4
What is the tens digit of 1431198?
9
What is the ten millions digit of 20070784?
2
What is the tens digit of 191341?
4
What is the tens digit of 3740135?
3
What is the hundreds digit of 474377?
3
What is the millions digit of 5422598?
5
What is the thousands digit of 198036?
8
What is the thousands digit of 17464548?
4
What is the hundreds digit of 4093437?
4
What is the hundreds digit of 572146?
1
What is the units digit of 176665?
5
What is the thousands digit of 966623?
6
What is the thousands digit of 169927?
9
What is the units digit of 6939129?
9
What is the ten thousands digit of 1259754?
5
What is the hundreds digit of 903340?
3
What is the ten thousands digit of 1278549?
7
What is the hundred thousands digit of 9999597?
9
What is the hundreds digit of 271694?
6
What is the ten thousands digit of 26516977?
1
What is the units digit of 5449?
9
What is the hundreds digit of 1004216?
2
What is the thousands digit of 830698?
0
What is the millions digit of 10633824?
0
What is the thousands digit of 2806590?
6
What is the hundreds digit of 198038?
0
What is the hundred thousands digit of 830543?
8
What is the ten thousands digit of 8023274?
2
What is the thousands digit of 301947?
1
What is the tens digit of 355529?
2
What is the millions digit of 12294862?
2
What is the tens digit of 7389295?
9
What is the tens digit of 413105?
0
What is the units digit of 127028?
8
What is the hundred thousands digit of 4186482?
1
What is the tens digit of 462842?
4
What is the units digit of 1300683?
3
What is the thousands digit of 45525?
5
What is the thousands digit of 8133836?
3
What is the millions digit of 2203341?
2
What is the ten thousands digit of 7533479?
3
What is the hundreds digit of 159537?
5
What is the hundreds digit of 681625?
6
What is the thousands digit of 61291?
1
What is the hundreds digit of 1208111?
1
What is the tens digit of 109261?
6
What is the ten thousands digit of 9709345?
0
What is the units digit of 512014?
4
What is the ten thousands digit of 3697486?
9
What is the hundred thousands digit of 3053910?
0
What is the hundreds digit of 26421731?
7
What is the thousands digit of 250895?
0
What is the hundreds digit of 120599?
5
What is the units digit of 1287308?
8
What is the units digit of 21440?
0
What is the hundred thousands digit of 945284?
9
What is the ten thousands digit of 593067?
9
What is the thousands digit of 9761763?
1
What is the thousands digit of 102264?
2
What is the thousands digit of 903958?
3
What is the ten millions digit of 14583146?
1
What is the hundred thousands digit of 7807239?
8
What is the hundreds digit of 109315?
3
What is the thousands digit of 1442562?
2
What is the tens digit of 2291220?
2
What is the ten thousands digit of 11817794?
1
What is the hundreds digit of 45824?
8
What is the units digit of 4293353?
3
What is the hundreds digit of 8078674?
6
What is the millions digit of 1718969?
1
What is the hundred thousands digit of 893838?
8
What is the millions digit of 1304808?
1
What is the hundred thousands digit of 766921?
7
What is the millions digit of 1305561?
1
What is the hundred thousands digit of 188404?
1
What is the thousands digit of 696902?
6
What is the thousands digit of 1544334?
4
What is the hundred thousands digit of 3115400?
1
What is the hundred thousands digit of 3750806?
7
What is the hundred thousands digit of 1047001?
0
What is the thousands digit of 969753?
9
What is the tens digit of 1807?
0
What is the ten thousands digit of 2131026?
3
What is the hundreds digit of 8226371?
3
What is the hundreds digit of 1239380?
3
What is the ten thousands digit of 97428?
9
What is the millions digit of 1009410?
1
What is the ten thousands digit of 12659342?
5
What is the units digit of 1729421?
1
What is the ten thousands digit of 11028096?
2
What is the thousands digit of 5815303?
5
What is the hundreds digit of 3147733?
7
What is the thousands digit of 4241108?
1
What is the thousands digit of 801082?
1
What is the units digit of 2213377?
7
What is the hundred thousands digit of 226359?
2
What is the thousands digit of 12736821?
6
What is the tens digit of 50909?
0
What is the hundreds digit of 14655840?
8
What is the hundred thousands digit of 118633?
1
What is the thousands digit of 3857148?
7
What is the units digit of 3722994?
4
What is the hundreds digit of 312478?
4
What is the thousands digit of 382589?
2
What is the hundreds digit of 1989936?
9
What is the thousands digit of 6836372?
6
What is the thousands digit of 610661?
0
What is the hundreds digit of 1234012?
0
What is the hundreds digit of 44840?
8
What is the ten thousands digit of 6345918?
4
What is the hundred thousands digit of 475746?
4
What is the units digit of 350979?
9
What is the hundred thousands digit of 5793550?
7
What is the units digit of 580659?
9
What is the thousands digit of 7899353?
9
What is the ten thousands digit of 252169?
5
What is the thousands digit of 141005?
1
What is the ten thousands digit of 209583?
0
What is the millions digit of 6565470?
6
What is the ten thousands digit of 15336772?
3
What is the tens digit of 3263331?
3
What is the hundreds digit of 564356?
3
What is the hundreds digit of 3158711?
7
What is the hundreds digit of 350333?
3
What is the thousands digit of 1489887?
9
What is the hundred thousands digit of 141092?
1
What is the units digit of 1107368?
8
What is the tens digit of 167753?
5
What is the thousands digit of 1195953?
5
What is the hundreds digit of 158374?
3
What is the hundreds digit of 60132?
1
What is the hundreds digit of 118070?
0
What is the tens digit of 2627073?
7
What is the hundreds digit of 5183229?
2
What is the ten thousands digit of 74123?
7
What is the units digit of 828579?
9
What is the ten thousands digit of 215293?
1
What is the units digit of 5130726?
6
What is the tens digit of 31677?
7
What is the hundreds digit of 1804905?
9
What is the thousands digit of 112874?
2
What is the units digit of 760382?
2
What is the units digit of 854744?
4
What is the hundred thousands digit of 452363?
4
What is the millions digit of 2337020?
2
What is the millions digit of 7349378?
7
What is the hundreds digit of 728280?
2
What is the millions digit of 14420934?
4
What is the hundreds digit of 2163243?
2
What is the hundreds digit of 37502160?
1
What is the hundreds digit of 250650?
6
What is the ten thousands digit of 86825?
8
What is the millions digit of 1656345?
1
What is the thousands digit of 13201951?
1
What is the tens digit of 266084?
8
What is the tens digit of 45959?
5
What is the ten thousands digit of 5348130?
4
What is the hundred thousands digit of 575752?
5
What is the ten thousands digit of 216759?
1
What is the ten millions digit of 12824253?
1
What is the ten thousands digit of 457590?
5
What is the hundreds digit of 1782280?
2
What is the hundred thousands digit of 301091?
3
What is the millions digit of 4523093?
4
What is the thousands digit of 79796?
9
What is the thousands digit of 12952251?
2
What is the hundreds digit of 10076803?
8
What is the hundreds digit of 594407?
4
What is the thousands digit of 13114449?
4
What is the 